{"id":100,"date":"2019-06-01T20:34:39","date_gmt":"2019-06-01T20:34:39","guid":{"rendered":"http:\/\/susannehommel.de\/?page_id=100"},"modified":"2025-07-06T10:55:29","modified_gmt":"2025-07-06T10:55:29","slug":"supervision-fruehe-kindheit","status":"publish","type":"page","link":"https:\/\/susannehommel.de\/?page_id=100","title":{"rendered":"Supervision Fr\u00fche Kindheit"},"content":{"rendered":"\n<figure class=\"wp-block-image\"><img decoding=\"async\" loading=\"lazy\" width=\"1162\" height=\"644\" src=\"http:\/\/susannehommel.de\/wp-content\/uploads\/2019\/06\/Supervision-blue-1.png\" alt=\"\" class=\"wp-image-314\" style=\"object-fit:cover\" srcset=\"https:\/\/susannehommel.de\/wp-content\/uploads\/2019\/06\/Supervision-blue-1.png 1162w, https:\/\/susannehommel.de\/wp-content\/uploads\/2019\/06\/Supervision-blue-1-300x166.png 300w, https:\/\/susannehommel.de\/wp-content\/uploads\/2019\/06\/Supervision-blue-1-768x426.png 768w, https:\/\/susannehommel.de\/wp-content\/uploads\/2019\/06\/Supervision-blue-1-1024x568.png 1024w\" sizes=\"(max-width: 1162px) 100vw, 1162px\" \/><\/figure>\n\n\n\n<p class=\"has-text-align-right\" style=\"font-size:10px\">Photo  \u00a9 Susanne Hommel<\/p>\n\n\n\n<h5 class=\"wp-block-heading\">Supervision f\u00fcr Kolleg:innen, die mit Babys, Klein- und Vorschulkindern und deren Eltern arbeiten<\/h5>\n\n\n\n<p style=\"font-size:16px\">Supervision f\u00fcr Fachleute der Fr\u00fchen Hilfen <\/p>\n\n\n\n<p style=\"font-size:16px\">Reflective Supervision f\u00fcr Fr\u00fche Hilfen, Kinderheilkunde und Geburtshilfe<\/p>\n\n\n\n<p style=\"font-size:16px\">Fallsupervision &#8218;Integrative Eltern-S\u00e4uglings-\/Kleinkind Beratung und Psychotherapie&#8216; IESK-B\/P<\/p>\n\n\n\n<p style=\"font-size:16px\">Fallsupervision &#8218;Psychoanalytische S\u00e4uglings-\/Kleinkind-Eltern Psychotherapie&#8216; aSKEPT  und &#8218;Psychoanalytic Parent-Infant Psychotherapy&#8216; PPiP und &#8218;Psychoanalytic Intervention for Parents and Infants&#8216; PIPI auf Deutsch und Englisch<\/p>\n\n\n\n<p style=\"font-size:16px\">Fallsupervision im Rahmen der Weiterbildung zur analytischen und tiefenpsychologischen Kinder- und Jugendlichenpsychotherapeut:in<\/p>\n\n\n\n<p style=\"font-size:16px\">Die Kosten f\u00fcr Supervision richten sich nach Zeitdauer, Institution oder Tr\u00e4ger, Ort der Supervision und USt-Pflicht bzw. Befreiung . Sprechen Sie mich gerne an.<\/p>\n\n\n\n<p style=\"font-size:16px\"> <\/p>\n","protected":false},"excerpt":{"rendered":"<p>Photo \u00a9 Susanne Hommel Supervision f\u00fcr Kolleg:innen, die mit Babys, Klein- und Vorschulkindern und deren Eltern arbeiten Supervision f\u00fcr Fachleute der Fr\u00fchen Hilfen Reflective Supervision f\u00fcr Fr\u00fche Hilfen, Kinderheilkunde und Geburtshilfe Fallsupervision &#8218;Integrative Eltern-S\u00e4uglings-\/Kleinkind Beratung und Psychotherapie&#8216; IESK-B\/P Fallsupervision &#8218;Psychoanalytische S\u00e4uglings-\/Kleinkind-Eltern Psychotherapie&#8216; aSKEPT und &#8218;Psychoanalytic Parent-Infant Psychotherapy&#8216; PPiP und &#8218;Psychoanalytic&hellip; <\/p>\n","protected":false},"author":1,"featured_media":0,"parent":78,"menu_order":1,"comment_status":"closed","ping_status":"closed","template":"","meta":{"footnotes":""},"_links":{"self":[{"href":"https:\/\/susannehommel.de\/index.php?rest_route=\/wp\/v2\/pages\/100"}],"collection":[{"href":"https:\/\/susannehommel.de\/index.php?rest_route=\/wp\/v2\/pages"}],"about":[{"href":"https:\/\/susannehommel.de\/index.php?rest_route=\/wp\/v2\/types\/page"}],"author":[{"embeddable":true,"href":"https:\/\/susannehommel.de\/index.php?rest_route=\/wp\/v2\/users\/1"}],"replies":[{"embeddable":true,"href":"https:\/\/susannehommel.de\/index.php?rest_route=%2Fwp%2Fv2%2Fcomments&post=100"}],"version-history":[{"count":24,"href":"https:\/\/susannehommel.de\/index.php?rest_route=\/wp\/v2\/pages\/100\/revisions"}],"predecessor-version":[{"id":661,"href":"https:\/\/susannehommel.de\/index.php?rest_route=\/wp\/v2\/pages\/100\/revisions\/661"}],"up":[{"embeddable":true,"href":"https:\/\/susannehommel.de\/index.php?rest_route=\/wp\/v2\/pages\/78"}],"wp:attachment":[{"href":"https:\/\/susannehommel.de\/index.php?rest_route=%2Fwp%2Fv2%2Fmedia&parent=100"}],"curies":[{"name":"wp","href":"https:\/\/api.w.org\/{rel}","templated":true}]}}