{"id":113,"date":"2019-06-02T17:23:28","date_gmt":"2019-06-02T17:23:28","guid":{"rendered":"http:\/\/susannehommel.de\/?page_id=113"},"modified":"2025-07-06T11:08:52","modified_gmt":"2025-07-06T11:08:52","slug":"zur-person","status":"publish","type":"page","link":"https:\/\/susannehommel.de\/?page_id=113","title":{"rendered":"Zur Person"},"content":{"rendered":"\n<figure class=\"wp-block-image is-resized\"><img decoding=\"async\" loading=\"lazy\" width=\"1118\" height=\"602\" src=\"http:\/\/susannehommel.de\/wp-content\/uploads\/2019\/06\/SHo-in-blue-1-1.png\" alt=\"\" class=\"wp-image-275\" srcset=\"https:\/\/susannehommel.de\/wp-content\/uploads\/2019\/06\/SHo-in-blue-1-1.png 1118w, https:\/\/susannehommel.de\/wp-content\/uploads\/2019\/06\/SHo-in-blue-1-1-300x162.png 300w, https:\/\/susannehommel.de\/wp-content\/uploads\/2019\/06\/SHo-in-blue-1-1-768x414.png 768w, https:\/\/susannehommel.de\/wp-content\/uploads\/2019\/06\/SHo-in-blue-1-1-1024x551.png 1024w\" sizes=\"(max-width: 1118px) 100vw, 1118px\" \/><\/figure>\n\n\n\n<p class=\"has-text-align-right\" style=\"font-size:10px\">Photo \u00a9 Monika Paulick<\/p>\n\n\n\n<p><\/p>\n\n\n\n<p style=\"font-size:16px\">In den Jahren meiner Berufst\u00e4tigkeit als Physiotherapeutin, Psychologin, Kinder- und Jugendlichenpsychotherapeutin und Wissenschaftlerin bin ich nach wie vor fasziniert von der individuellen menschlichen, besonders der fr\u00fchkindlichen Entwicklung in der Balance zwischen K\u00f6rper, Geist und Seele.<\/p>\n\n\n\n<p style=\"font-size:16px\">Insbesondere die rasant verlaufende sensomotorische, kognitive und affektive Entwicklung im S\u00e4uglings- und Kleinkindalter vor dem Hintergrund der fr\u00fchen Eltern-Kind Beziehung begeistert mich immer wieder aufs Neue.&nbsp;<\/p>\n\n\n\n<p style=\"font-size:16px\">Psychoanalytisches Denken \u00fcber die Entwicklung des Selbst, der F\u00e4higkeit zur Affektregulation, der Balance zwischen N\u00e4he und Distanz, Neugier und Sicherheit, Exploration und Bindung, Selbstwirksamkeit und Frustration im Kontext der fr\u00fchen Beziehung zu den Eltern ist die Basis meiner psychotherapeutischen Arbeit.&nbsp;<\/p>\n\n\n\n<p style=\"font-size:16px\">Die Bedeutung psychoanalytischer Theorien zu der Entwicklung des Ich und seiner Abwehrmechanismen, Embodiement, elterlichen reflexiven F\u00e4higkeiten, der &#8218;good enough mother&#8216;, der besonderen psychischen Konstellation zu Beginn von Elternschaft sowie der gelingenden oder gest\u00f6rten Interaktion zwischen Eltern und Baby und deren Auswirkungen auf die Beziehungs- und Bindungsentwicklung bilden den Rahmen f\u00fcr das Verst\u00e4ndnis der Ausl\u00f6ser psychischer und psychosomatischer Krisen.&nbsp;<\/p>\n\n\n\n<p style=\"font-size:16px\">Psychotherapie ist in meinem Verst\u00e4ndnis der Prozess der gemeinsamen Suche nach den Ursachen seelischer Krisen und des Verstehens der pers\u00f6nlichen inneren Logik der Symptomatik vor dem Hintergrund der bisherigen Lebens- und Beziehungsgeschichte. Der Fokus liegt auf der Entwicklung eines individuellen Narrativs des Zusammenspiels fr\u00fcherer Erfahrungen und aktueller Lebenssituation sowie dem gemeinsamen Nach-Denken \u00fcber denkbare L\u00f6sungen und Bew\u00e4ltigungsm\u00f6glichkeiten und deren Integration. <\/p>\n\n\n\n<p style=\"font-size:16px\">Dieser psychotherapeutische Prozess verl\u00e4uft behandlungstechnisch unterschiedlich je nach Alter des Patienten und Einbezug von Bezugspersonen. Grundlage ist die tragf\u00e4hige therapeutische Beziehung im Hier &amp; Jetzt.&nbsp;<br><br><\/p>\n\n\n\n<p class=\"has-text-align-center has-very-light-gray-color has-text-color has-background\" style=\"background-color:#9bb2c6;font-size:16px\">Fachgesellschaften<\/p>\n\n\n\n<p style=\"font-size:16px\">Fellow of the Research Training Programme and Working Group \u2018Psychoanalytic Parent-Infant Psychotherapy\u2019 PPIP and &#8218;Psychoanalytic Interventions for Parents and Infants&#8216; PIPI, International Psychoanalytic Association . IPA<\/p>\n\n\n\n<p style=\"font-size:16px\">World Association of Infant Mental Health . WAIMH<\/p>\n\n\n\n<p style=\"font-size:16px\">Association of Infant Mental Health UK . AIMH UK<\/p>\n\n\n\n<p style=\"font-size:16px\">Deutschsprachige Gesellschaft f\u00fcr seelische Gesundheit in der fr\u00fchen Kindheit . GAIMH&nbsp;&nbsp;&nbsp;&nbsp;&nbsp;&nbsp;&nbsp;&nbsp;&nbsp;&nbsp;&nbsp;&nbsp;&nbsp;&nbsp;<\/p>\n\n\n\n<p style=\"font-size:16px\">Vereinigung analytischer Kinder- und Jugendlichenpsychotherapeuten . VAKJP<\/p>\n\n\n\n<p style=\"font-size:16px\">Mitglied der Arbeitsgruppe &#8218;S\u00e4uglings-\/Kleinkind-Eltern-Psychotherapie SKEPT&#8216; und der Vernetzungskonferenz der Babyambulanzen . VAKJP<\/p>\n\n\n\n<p style=\"font-size:16px\">Mitglied der Arbeitsgruppe der AWMF-Leitlinie &#8218;Psychische St\u00f6rungen bei S\u00e4uglingen, Klein- und Vorschulkindern&#8216;&nbsp;<\/p>\n\n\n\n<p style=\"font-size:16px\">Marc\u00e9 Gesellschaft f\u00fcr Peripartale Psychische Erkrankungen<\/p>\n\n\n\n<p style=\"font-size:16px\">Schatten und Licht . Expertennetzwerk perinatale psychische Krisen <\/p>\n\n\n\n<p style=\"font-size:16px\">Michael Balint Institut Hamburg . MBI<\/p>\n\n\n\n<p style=\"font-size:16px\">Frauenpsychosomatik im Netz . FINE eV<\/p>\n\n\n\n<p style=\"font-size:16px\">Ethikkommission der Psychotherapeutenkammer Hamburg <\/p>\n\n\n\n<p style=\"font-size:16px\">Psychotherapeutenkammer Hamburg . PTK HH<\/p>\n\n\n\n<p style=\"font-size:16px\">Bund Deutscher Psychologen . BDP<\/p>\n\n\n\n<p style=\"font-size:16px\"><br><\/p>\n\n\n\n<p class=\"has-text-align-center has-very-light-gray-color has-text-color has-background\" style=\"background-color:#9bb2c6;font-size:16px\">Vita<\/p>\n\n\n\n<p style=\"font-size:16px\">Professorin f\u00fcr Psychoanalytische Intervention f\u00fcr Kinder, Jugendliche und Familien, Hochschule f\u00fcr Angewandte Wissenschaften Potsdam FH;P, Potsdam. <\/p>\n\n\n\n<p style=\"font-size:16px\">Baby &amp; KleinkindSprechstunde Hamburg . Psychotherapeutische Sprechstunde f\u00fcr Babys, Kleinkinder und ihre Eltern, in Kooperation mit Gabriele Griep, Praxis f\u00fcr Psychiatrie, Psychosomatik und Psychotherapie im Kindes- und Jugendalter sowie im Erwachsenenalter.<\/p>\n\n\n\n<p style=\"font-size:16px\">ElternHaus . Home is where we start from . Gr\u00fcnderin &amp; Gesch\u00e4ftsf\u00fchrerin . Seminare, Forschung zu den Themen ElternWerden .&nbsp;ElternSein .&nbsp;Fr\u00fche Kindheit . Fr\u00fche Hilfen.<\/p>\n\n\n\n<p style=\"font-size:16px\">SchreibabySprechstunde Hamburg, Tr\u00e4gerin in Kooperation mit der wellcome gGmbH, im Auftrag der Sozialbeh\u00f6rde der Freien und Hansestadt Hamburg.<\/p>\n\n\n\n<p style=\"font-size:16px\">Ph.D. Psychoanalytic Studies &amp; Clinical, Educational and Health Psychology, University College London. Supervised by Prof. Mary Target, Ph.D., Prof. Peter Fonagy, Ph.D. &amp; Prof. Daniel Schechter, M.D. &amp; Honorary Research Fellow, Parent-Infant Project, Anna Freud National Centre for Children and Families, London.<\/p>\n\n\n\n<p style=\"font-size:16px\">Fellow Research Training Program, International Psychoanalytic Association IPA, Child Study Center, Yale University &amp; International Psychonanalytic University, Berlin, Prof. Bob Emde, PhD. &amp; Prof. Linda Mayes, PhD.<\/p>\n\n\n\n<p style=\"font-size:16px\">Approbation als Kinder- und Jugendlichenpsychotherapeutin, Beh\u00f6rde f\u00fcr Gesundheit und Verbraucherschutz, Freie und Hansestadt Hamburg. Kassenzulassung als Kinder- und Jugendlichenpsychotherapeutin (tiefenpsychologisch fundiert\/tp) Kassen\u00e4rztliche Vereinigung Hamburg &amp; Fachkunde &#8218;Analytische Kinder- und Jugendlichenpsychotherapie&#8216; (ap), Hamburg.<\/p>\n\n\n\n<p style=\"font-size:16px\">Weiterbildung &#8218;Psychoanalytic Parent-Infant Psychotherapy&#8216; und &#8218;Parent-Infant Mental Health&#8216;, Parent-Infant Project, Anna Freud Centre und Under Five Service, Tavistock Clinic, London. <\/p>\n\n\n\n<p style=\"font-size:16px\">Wissenschaftliche Mitarbeit,&nbsp;Children\u2019s National Medical Center, Department of Infant Mental Health, Prof. Irene Chatoor, M.D., Washington D.C.<\/p>\n\n\n\n<p style=\"font-size:16px\">Wissenschaftliche Mitarbeiterin und Klinische Psychologin, Abteilung f\u00fcr Kinder- und Jugendpsychiatrie und -Psychosomatik, Universit\u00e4tsklinikum Hamburg-Eppendorf und Altonaer Kinderkrankenhaus AKK, Arbeitsschwerpunkt: Fr\u00fche Kindheit, PD Dr. med. Carola Bindt. Projektleitung &#8218;Psychologische Begleitung von Eltern von Fr\u00fchgeborenen und kranken Neugeborenen&#8216; in Kooperation mit der neonatologischen Intensivmedizin und Nachsorge, Perinatalzentrum Altona.&nbsp;Wissenschaftliche Mitarbeit &#8218;Hamburger Fr\u00fch- und Reifgeborenen Entwicklungsstudie HaFEn&#8216;.<\/p>\n\n\n\n<p style=\"font-size:16px\">Weiterbildung &#8218;Integrative Eltern-S\u00e4uglings-\/Kleinkind-Beratung und Psychotherapie IESK-B\/P&#8216;, Prof. Dr. med. Mechthild Papou\u0161ek, Deutsche Akademie f\u00fcr Entwicklungsf\u00f6rderung und Gesundheit des Kindes und Jugendlichen e.V., M\u00fcnchen.<\/p>\n\n\n\n<p style=\"font-size:16px\">Psychologie (Diplom), Universit\u00e4t Hamburg. Diplomarbeit \u00fcber fr\u00fchkindliche F\u00fctterst\u00f6rungen, Supervision:  Prof. Dr. med. Mechthild Papou\u0161ek. Klinisches Praktikum und Diplomarbeit, Eltern-S\u00e4uglings-\/Kleinkind-Psychosomatik (0-5 Jahre), Dr. med. Nikolaus von Hofacker, M\u00fcnchen, St\u00e4dtisches Krankenhaus Harlaching, M\u00fcnchen.<\/p>\n\n\n\n<p style=\"font-size:16px\">Physiotherapeutin, Zentrum f\u00fcr Kindesentwicklung, Dr. med. Inge Flehmig, Hamburg. Arbeitsschwerpunkte: Psychomotorik, Entwicklungs- und Wahrnehmungsf\u00f6rderung bei S\u00e4uglingen und Kleinkindern, Regulations- und Interaktionsst\u00f6rungen, Entwicklungs-Beratung.\u00a0\u00a0\u00a0\u00a0\u00a0\u00a0<br>\u00a0\u00a0\u00a0\u00a0\u00a0\u00a0\u00a0\u00a0\u00a0\u00a0\u00a0\u00a0\u00a0\u00a0\u00a0\u00a0\u00a0<\/p>\n\n\n\n<p class=\"has-text-align-center has-very-light-gray-color has-text-color\" style=\"font-size:16px\"><\/p>\n","protected":false},"excerpt":{"rendered":"<p>Photo \u00a9 Monika Paulick In den Jahren meiner Berufst\u00e4tigkeit als Physiotherapeutin, Psychologin, Kinder- und Jugendlichenpsychotherapeutin und Wissenschaftlerin bin ich nach wie vor fasziniert von der individuellen menschlichen, besonders der fr\u00fchkindlichen Entwicklung in der Balance zwischen K\u00f6rper, Geist und Seele. Insbesondere die rasant verlaufende sensomotorische, kognitive und affektive Entwicklung im S\u00e4uglings-&hellip; <\/p>\n","protected":false},"author":1,"featured_media":0,"parent":0,"menu_order":4,"comment_status":"closed","ping_status":"closed","template":"","meta":{"footnotes":""},"_links":{"self":[{"href":"https:\/\/susannehommel.de\/index.php?rest_route=\/wp\/v2\/pages\/113"}],"collection":[{"href":"https:\/\/susannehommel.de\/index.php?rest_route=\/wp\/v2\/pages"}],"about":[{"href":"https:\/\/susannehommel.de\/index.php?rest_route=\/wp\/v2\/types\/page"}],"author":[{"embeddable":true,"href":"https:\/\/susannehommel.de\/index.php?rest_route=\/wp\/v2\/users\/1"}],"replies":[{"embeddable":true,"href":"https:\/\/susannehommel.de\/index.php?rest_route=%2Fwp%2Fv2%2Fcomments&post=113"}],"version-history":[{"count":34,"href":"https:\/\/susannehommel.de\/index.php?rest_route=\/wp\/v2\/pages\/113\/revisions"}],"predecessor-version":[{"id":667,"href":"https:\/\/susannehommel.de\/index.php?rest_route=\/wp\/v2\/pages\/113\/revisions\/667"}],"wp:attachment":[{"href":"https:\/\/susannehommel.de\/index.php?rest_route=%2Fwp%2Fv2%2Fmedia&parent=113"}],"curies":[{"name":"wp","href":"https:\/\/api.w.org\/{rel}","templated":true}]}}

<figure class="wp-block-image is-resized"><img decoding="async" loading="lazy" width="1118" height="602" src="http://susannehommel.de/wp-content/uploads/2019/06/SHo-in-blue-1-1.png" alt="" class="wp-image-275" srcset="https://susannehommel.de/wp-content/uploads/2019/06/SHo-in-blue-1-1.png 1118w, https://susannehommel.de/wp-content/uploads/2019/06/SHo-in-blue-1-1-300x162.png 300w, https://susannehommel.de/wp-content/uploads/2019/06/SHo-in-blue-1-1-768x414.png 768w, https://susannehommel.de/wp-content/uploads/2019/06/SHo-in-blue-1-1-1024x551.png 1024w" sizes="(max-width: 1118px) 100vw, 1118px" /></figure>



<p class="has-text-align-right" style="font-size:10px">Photo © Monika Paulick</p>



<p></p>



<p style="font-size:16px">In den Jahren meiner Berufstätigkeit als Physiotherapeutin, Psychologin, Kinder- und Jugendlichenpsychotherapeutin und Wissenschaftlerin bin ich nach wie vor fasziniert von der individuellen menschlichen, besonders der frühkindlichen Entwicklung in der Balance zwischen Körper, Geist und Seele.</p>



<p style="font-size:16px">Insbesondere die rasant verlaufende sensomotorische, kognitive und affektive Entwicklung im Säuglings- und Kleinkindalter vor dem Hintergrund der frühen Eltern-Kind Beziehung begeistert mich immer wieder aufs Neue.&nbsp;</p>



<p style="font-size:16px">Psychoanalytisches Denken über die Entwicklung des Selbst, der Fähigkeit zur Affektregulation, der Balance zwischen Nähe und Distanz, Neugier und Sicherheit, Exploration und Bindung, Selbstwirksamkeit und Frustration im Kontext der frühen Beziehung zu den Eltern ist die Basis meiner psychotherapeutischen Arbeit.&nbsp;</p>



<p style="font-size:16px">Die Bedeutung psychoanalytischer Theorien zu der Entwicklung des Ich und seiner Abwehrmechanismen, Embodiement, elterlichen reflexiven Fähigkeiten, der &#8218;good enough mother&#8216;, der besonderen psychischen Konstellation zu Beginn von Elternschaft sowie der gelingenden oder gestörten Interaktion zwischen Eltern und Baby und deren Auswirkungen auf die Beziehungs- und Bindungsentwicklung bilden den Rahmen für das Verständnis der Auslöser psychischer und psychosomatischer Krisen.&nbsp;</p>



<p style="font-size:16px">Psychotherapie ist in meinem Verständnis der Prozess der gemeinsamen Suche nach den Ursachen seelischer Krisen und des Verstehens der persönlichen inneren Logik der Symptomatik vor dem Hintergrund der bisherigen Lebens- und Beziehungsgeschichte. Der Fokus liegt auf der Entwicklung eines individuellen Narrativs des Zusammenspiels früherer Erfahrungen und aktueller Lebenssituation sowie dem gemeinsamen Nach-Denken über denkbare Lösungen und Bewältigungsmöglichkeiten und deren Integration. </p>



<p style="font-size:16px">Dieser psychotherapeutische Prozess verläuft behandlungstechnisch unterschiedlich je nach Alter des Patienten und Einbezug von Bezugspersonen. Grundlage ist die tragfähige therapeutische Beziehung im Hier &amp; Jetzt.&nbsp;<br><br></p>



<p class="has-text-align-center has-very-light-gray-color has-text-color has-background" style="background-color:#9bb2c6;font-size:16px">Fachgesellschaften</p>



<p style="font-size:16px">Fellow of the Research Training Programme and Working Group ‘Psychoanalytic Parent-Infant Psychotherapy’ PPIP and &#8218;Psychoanalytic Interventions for Parents and Infants&#8216; PIPI, International Psychoanalytic Association . IPA</p>



<p style="font-size:16px">World Association of Infant Mental Health . WAIMH</p>



<p style="font-size:16px">Association of Infant Mental Health UK . AIMH UK</p>



<p style="font-size:16px">Deutschsprachige Gesellschaft für seelische Gesundheit in der frühen Kindheit . GAIMH&nbsp;&nbsp;&nbsp;&nbsp;&nbsp;&nbsp;&nbsp;&nbsp;&nbsp;&nbsp;&nbsp;&nbsp;&nbsp;&nbsp;</p>



<p style="font-size:16px">Vereinigung analytischer Kinder- und Jugendlichenpsychotherapeuten . VAKJP</p>



<p style="font-size:16px">Mitglied der Arbeitsgruppe &#8218;Säuglings-/Kleinkind-Eltern-Psychotherapie SKEPT&#8216; und der Vernetzungskonferenz der Babyambulanzen . VAKJP</p>



<p style="font-size:16px">Mitglied der Arbeitsgruppe der AWMF-Leitlinie &#8218;Psychische Störungen bei Säuglingen, Klein- und Vorschulkindern&#8216;&nbsp;</p>



<p style="font-size:16px">Marcé Gesellschaft für Peripartale Psychische Erkrankungen</p>



<p style="font-size:16px">Schatten und Licht . Expertennetzwerk perinatale psychische Krisen </p>



<p style="font-size:16px">Michael Balint Institut Hamburg . MBI</p>



<p style="font-size:16px">Frauenpsychosomatik im Netz . FINE eV</p>



<p style="font-size:16px">Ethikkommission der Psychotherapeutenkammer Hamburg </p>



<p style="font-size:16px">Psychotherapeutenkammer Hamburg . PTK HH</p>



<p style="font-size:16px">Bund Deutscher Psychologen . BDP</p>



<p style="font-size:16px"><br></p>



<p class="has-text-align-center has-very-light-gray-color has-text-color has-background" style="background-color:#9bb2c6;font-size:16px">Vita</p>



<p style="font-size:16px">Professorin für Psychoanalytische Intervention für Kinder, Jugendliche und Familien, Hochschule für Angewandte Wissenschaften Potsdam FH;P, Potsdam. </p>



<p style="font-size:16px">Baby &amp; KleinkindSprechstunde Hamburg . Psychotherapeutische Sprechstunde für Babys, Kleinkinder und ihre Eltern, in Kooperation mit Gabriele Griep, Praxis für Psychiatrie, Psychosomatik und Psychotherapie im Kindes- und Jugendalter sowie im Erwachsenenalter.</p>



<p style="font-size:16px">ElternHaus . Home is where we start from . Gründerin &amp; Geschäftsführerin . Seminare, Forschung zu den Themen ElternWerden .&nbsp;ElternSein .&nbsp;Frühe Kindheit . Frühe Hilfen.</p>



<p style="font-size:16px">SchreibabySprechstunde Hamburg, Trägerin in Kooperation mit der wellcome gGmbH, im Auftrag der Sozialbehörde der Freien und Hansestadt Hamburg.</p>



<p style="font-size:16px">Ph.D. Psychoanalytic Studies &amp; Clinical, Educational and Health Psychology, University College London. Supervised by Prof. Mary Target, Ph.D., Prof. Peter Fonagy, Ph.D. &amp; Prof. Daniel Schechter, M.D. &amp; Honorary Research Fellow, Parent-Infant Project, Anna Freud National Centre for Children and Families, London.</p>



<p style="font-size:16px">Fellow Research Training Program, International Psychoanalytic Association IPA, Child Study Center, Yale University &amp; International Psychonanalytic University, Berlin, Prof. Bob Emde, PhD. &amp; Prof. Linda Mayes, PhD.</p>



<p style="font-size:16px">Approbation als Kinder- und Jugendlichenpsychotherapeutin, Behörde für Gesundheit und Verbraucherschutz, Freie und Hansestadt Hamburg. Kassenzulassung als Kinder- und Jugendlichenpsychotherapeutin (tiefenpsychologisch fundiert/tp) Kassenärztliche Vereinigung Hamburg &amp; Fachkunde &#8218;Analytische Kinder- und Jugendlichenpsychotherapie&#8216; (ap), Hamburg.</p>



<p style="font-size:16px">Weiterbildung &#8218;Psychoanalytic Parent-Infant Psychotherapy&#8216; und &#8218;Parent-Infant Mental Health&#8216;, Parent-Infant Project, Anna Freud Centre und Under Five Service, Tavistock Clinic, London. </p>



<p style="font-size:16px">Wissenschaftliche Mitarbeit,&nbsp;Children’s National Medical Center, Department of Infant Mental Health, Prof. Irene Chatoor, M.D., Washington D.C.</p>



<p style="font-size:16px">Wissenschaftliche Mitarbeiterin und Klinische Psychologin, Abteilung für Kinder- und Jugendpsychiatrie und -Psychosomatik, Universitätsklinikum Hamburg-Eppendorf und Altonaer Kinderkrankenhaus AKK, Arbeitsschwerpunkt: Frühe Kindheit, PD Dr. med. Carola Bindt. Projektleitung &#8218;Psychologische Begleitung von Eltern von Frühgeborenen und kranken Neugeborenen&#8216; in Kooperation mit der neonatologischen Intensivmedizin und Nachsorge, Perinatalzentrum Altona.&nbsp;Wissenschaftliche Mitarbeit &#8218;Hamburger Früh- und Reifgeborenen Entwicklungsstudie HaFEn&#8216;.</p>



<p style="font-size:16px">Weiterbildung &#8218;Integrative Eltern-Säuglings-/Kleinkind-Beratung und Psychotherapie IESK-B/P&#8216;, Prof. Dr. med. Mechthild Papoušek, Deutsche Akademie für Entwicklungsförderung und Gesundheit des Kindes und Jugendlichen e.V., München.</p>



<p style="font-size:16px">Psychologie (Diplom), Universität Hamburg. Diplomarbeit über frühkindliche Fütterstörungen, Supervision:  Prof. Dr. med. Mechthild Papoušek. Klinisches Praktikum und Diplomarbeit, Eltern-Säuglings-/Kleinkind-Psychosomatik (0-5 Jahre), Dr. med. Nikolaus von Hofacker, München, Städtisches Krankenhaus Harlaching, München.</p>



<p style="font-size:16px">Physiotherapeutin, Zentrum für Kindesentwicklung, Dr. med. Inge Flehmig, Hamburg. Arbeitsschwerpunkte: Psychomotorik, Entwicklungs- und Wahrnehmungsförderung bei Säuglingen und Kleinkindern, Regulations- und Interaktionsstörungen, Entwicklungs-Beratung.      <br>                 </p>



<p class="has-text-align-center has-very-light-gray-color has-text-color" style="font-size:16px"></p>

<p>Photo © Monika Paulick In den Jahren meiner Berufstätigkeit als Physiotherapeutin, Psychologin, Kinder- und Jugendlichenpsychotherapeutin und Wissenschaftlerin bin ich nach wie vor fasziniert von der individuellen menschlichen, besonders der frühkindlichen Entwicklung in der Balance zwischen Körper, Geist und Seele. Insbesondere die rasant verlaufende sensomotorische, kognitive und affektive Entwicklung im Säuglings-&hellip; </p>
