{"id":92,"date":"2019-06-01T20:03:02","date_gmt":"2019-06-01T20:03:02","guid":{"rendered":"http:\/\/susannehommel.de\/?page_id=92"},"modified":"2025-07-30T19:23:01","modified_gmt":"2025-07-30T19:23:01","slug":"eltern-baby-kleinkind-psychotherapie","status":"publish","type":"page","link":"https:\/\/susannehommel.de\/?page_id=92","title":{"rendered":"S\u00e4uglings\/Kleinkind-Eltern Psychotherapie  SKEPT"},"content":{"rendered":"\n<figure class=\"wp-block-image\"><img decoding=\"async\" loading=\"lazy\" width=\"1156\" height=\"646\" src=\"http:\/\/susannehommel.de\/wp-content\/uploads\/2019\/06\/Baby-blue-1.png\" alt=\"\" class=\"wp-image-228\" style=\"object-fit:cover\" srcset=\"https:\/\/susannehommel.de\/wp-content\/uploads\/2019\/06\/Baby-blue-1.png 1156w, https:\/\/susannehommel.de\/wp-content\/uploads\/2019\/06\/Baby-blue-1-300x168.png 300w, https:\/\/susannehommel.de\/wp-content\/uploads\/2019\/06\/Baby-blue-1-768x429.png 768w, https:\/\/susannehommel.de\/wp-content\/uploads\/2019\/06\/Baby-blue-1-1024x572.png 1024w\" sizes=\"(max-width: 1156px) 100vw, 1156px\" \/><\/figure>\n\n\n\n<p class=\"has-text-align-right\" style=\"font-size:10px\">Photo \u00a9 istockphoto<\/p>\n\n\n\n<h5 class=\"wp-block-heading\">Analytische S\u00e4uglings\/Kleinkind-Eltern Psychotherapie  aSKEPT<\/h5>\n\n\n\n<p style=\"font-size:16px\">Der Alltag mit Ihrem Baby\/Kleinkind und der \u00dcbergang vom Paar zum Elternpaar und zur Familie stellt Sie vor viele neue Aufgaben, die k\u00f6rperlich und seelisch belastend sein k\u00f6nnen.<\/p>\n\n\n\n<p style=\"font-size:16px\">Eigentlich hatten Sie sich die erste Zeit mit Ihrem Kind sch\u00f6n und harmonisch vorgestellt. Jetzt aber erleben Sie trotz guter Vorbereitung auf das Elternwerden:&nbsp;<\/p>\n\n\n\n<ul style=\"font-size:16px\">\n<li>Unsicherheit<\/li>\n\n\n\n<li>Angst<\/li>\n\n\n\n<li>Hilflosigkeit<\/li>\n\n\n\n<li>\u00c4rger und Wut<\/li>\n<\/ul>\n\n\n\n<p style=\"font-size:16px\">Eine SKEPT Behandlung ist ein Angebot f\u00fcr Eltern von der Schwangerschaft bis zum dritten Lebensjahr ihres Kindes, um Belastungen und St\u00f6rungen fr\u00fchzeitig aufzufangen. Sie bietet Raum f\u00fcr Fragen und unterst\u00fctzt die Entwicklung elterlicher F\u00e4higkeiten, die Beziehung und Bindung sowie die kindliche Entwicklung.<\/p>\n\n\n\n<p style=\"font-size:16px\">Diese psychoanalytische Behandlungsmethode bietet einen Denk- und Entwicklungsraum und erm\u00f6glicht dadurch kindliche Symptome, belastete Beziehungen und Auff\u00e4lligkeiten w\u00e4hrend Schwangerschaft, Geburt und in den ersten Lebensjahren rechtzeitig positiv zu beeinflussen und weitgehend aufzul\u00f6sen.&nbsp;<\/p>\n\n\n\n<p style=\"font-size:16px\">Die Methode wurde speziell f\u00fcr S\u00e4uglinge und Kleinkinder von 0 &#8211; 3 Jahren und ihre M\u00fctter und V\u00e4ter bzw. prim\u00e4ren Bezugspersonen entwickelt.&nbsp;<\/p>\n\n\n\n<p style=\"font-size:16px\">Das Baby\/Kleinkind ist im Fokus der Behandlung und weist durch seine Signale und sein Spiel den Weg zu verborgenen Konflikten, die es zu verstehen gilt.<\/p>\n\n\n\n<p style=\"font-size:16px\">Diese beziehungsfokussierte Behandlung setzt da an, wo Kind und Eltern aktuell Hilfe und Kl\u00e4rung brauchen. Sie ist nachhaltig wirksam, da sie fr\u00fchzeitig beginnt.<\/p>\n\n\n\n<p style=\"font-size:16px\">Anlass f\u00fcr eine analytische SKEPT Behandlung k\u00f6nnen sein:<\/p>\n\n\n\n<ul style=\"font-size:16px\">\n<li>Angst um das Kind und Angst vor der Geburt w\u00e4hrend der Schwangerschaft<\/li>\n\n\n\n<li>Belastete Schwangerschaft und schwere Geburt&nbsp;<\/li>\n\n\n\n<li>Fr\u00fchgeborene und ihre Eltern<\/li>\n\n\n\n<li>Babys, die viel schreien und schwer zu beruhigen sind<\/li>\n\n\n\n<li>Babys\/Kleinkinder mit St\u00f6rungen des Schlaf-\/Wach-Rhythmus<\/li>\n\n\n\n<li>Babys mit Stillproblemen und Kleinkinder mit F\u00fctter- und Essproblemen&nbsp;<\/li>\n\n\n\n<li>M\u00fctter und V\u00e4ter, die rund um die Geburt depressiv oder \u00e4ngstlich reagieren und Sorge haben, die fr\u00fche Beziehung zu ihrem Baby zu belasten<\/li>\n\n\n\n<li>Eltern, die sich um die Entwicklung ihres Kindes Sorgen machen<\/li>\n\n\n\n<li>Eltern, denen es schwer f\u00e4llt eine gute emotionale Beziehung zu ihrem Kind zu finden<\/li>\n\n\n\n<li>Eltern eines chronisch kranken oder behinderten Kindes<\/li>\n\n\n\n<li>Und Eltern und deren Babys und Kleinkinder mit seelischen Belastungen, die st\u00f6rungswertig und damit kriseninterventions- oder behandlungsbed\u00fcrftig sind<\/li>\n<\/ul>\n\n\n\n<p style=\"font-size:16px\">In der Regel zeigt sich schon nach wenigen Therapiestunden eine Besserung der Symptome und der Beziehungs- und Bindungsentwicklung. Die Eltern f\u00fchlen sich kompetenter, ihr Baby\/Kleinkind zu verstehen und seine Signale zu beantworten und das Miteinander gelingt positiver.&nbsp;<\/p>\n\n\n\n<p style=\"font-size:16px\">SKEPT ist der beziehungsfokussierte Behandlungsansatz Analytischer Kinder- und Jugendlichenpsychotherapeut:innen f\u00fcr S\u00e4uglinge, Kleinkinder und ihre Eltern im Altersbereich von 0 &#8211; 3 Jahren und basiert anders als andere Behandlungsmethoden f\u00fcr dieses Alter (IESK-P, ESKT) auf einer psychoanalytischen Ausbildung, Selbsterfahrung und S\u00e4uglingsbeobachtung und der analytischen Behandlungstechnik. <\/p>\n\n\n\n<p style=\"font-size:16px\">Die Kosten f\u00fcr Diagnostik &amp; Behandlung werden von den gesetzlichen sowie privaten Krankenkassen \u00fcbernommen.\u00a0<\/p>\n","protected":false},"excerpt":{"rendered":"<p>Photo \u00a9 istockphoto Analytische S\u00e4uglings\/Kleinkind-Eltern Psychotherapie aSKEPT Der Alltag mit Ihrem Baby\/Kleinkind und der \u00dcbergang vom Paar zum Elternpaar und zur Familie stellt Sie vor viele neue Aufgaben, die k\u00f6rperlich und seelisch belastend sein k\u00f6nnen. Eigentlich hatten Sie sich die erste Zeit mit Ihrem Kind sch\u00f6n und harmonisch vorgestellt. Jetzt&hellip; <\/p>\n","protected":false},"author":1,"featured_media":0,"parent":75,"menu_order":0,"comment_status":"closed","ping_status":"closed","template":"","meta":{"footnotes":""},"_links":{"self":[{"href":"https:\/\/susannehommel.de\/index.php?rest_route=\/wp\/v2\/pages\/92"}],"collection":[{"href":"https:\/\/susannehommel.de\/index.php?rest_route=\/wp\/v2\/pages"}],"about":[{"href":"https:\/\/susannehommel.de\/index.php?rest_route=\/wp\/v2\/types\/page"}],"author":[{"embeddable":true,"href":"https:\/\/susannehommel.de\/index.php?rest_route=\/wp\/v2\/users\/1"}],"replies":[{"embeddable":true,"href":"https:\/\/susannehommel.de\/index.php?rest_route=%2Fwp%2Fv2%2Fcomments&post=92"}],"version-history":[{"count":41,"href":"https:\/\/susannehommel.de\/index.php?rest_route=\/wp\/v2\/pages\/92\/revisions"}],"predecessor-version":[{"id":672,"href":"https:\/\/susannehommel.de\/index.php?rest_route=\/wp\/v2\/pages\/92\/revisions\/672"}],"up":[{"embeddable":true,"href":"https:\/\/susannehommel.de\/index.php?rest_route=\/wp\/v2\/pages\/75"}],"wp:attachment":[{"href":"https:\/\/susannehommel.de\/index.php?rest_route=%2Fwp%2Fv2%2Fmedia&parent=92"}],"curies":[{"name":"wp","href":"https:\/\/api.w.org\/{rel}","templated":true}]}}